{"id":7723,"date":"2023-06-12T15:27:58","date_gmt":"2023-06-12T13:27:58","guid":{"rendered":"https:\/\/deficode.blog.ac-lyon.fr\/wordpress\/?page_id=7723"},"modified":"2023-06-12T15:28:00","modified_gmt":"2023-06-12T13:28:00","slug":"proposer-une-ressource","status":"publish","type":"page","link":"https:\/\/deficode.blog.ac-lyon.fr\/wordpress\/proposer-une-ressource\/","title":{"rendered":"Proposer une ressource"},"content":{"rendered":"<div class=\"forminator-ui forminator-custom-form forminator-custom-form-7722 forminator-design--default  forminator_ajax\" data-forminator-render=\"0\" data-form=\"forminator-module-7722\" data-uid=\"69d78780ca692\"><br\/><\/div><form\n\t\t\t\tid=\"forminator-module-7722\"\n\t\t\t\tclass=\"forminator-ui forminator-custom-form forminator-custom-form-7722 forminator-design--default  forminator_ajax\"\n\t\t\t\tmethod=\"post\"\n\t\t\t\tdata-forminator-render=\"0\"\n\t\t\t\tdata-form-id=\"7722\"\n\t\t\t\t\n\t\t\t\tdata-design=\"default\"\n\t\t\t\t\n\t\t\t\t\n\t\t\t\t\n\t\t\t\tdata-grid=\"open\"\n\t\t\t\tenctype=\"multipart\/form-data\"\n\t\t\t\t\n\t\t\t\tstyle=\"display: none;\"\n\t\t\t\t\n\t\t\t\tdata-uid=\"69d78780ca692\"\n\t\t\t><div role=\"alert\" aria-live=\"polite\" class=\"forminator-response-message forminator-error\" aria-hidden=\"true\"><\/div><div class=\"forminator-row\"><div id=\"html-1\" class=\"forminator-field-html forminator-col forminator-col-12 \"><div class=\"forminator-field forminator-merge-tags\" data-field=\"html-1\"><label class=\"forminator-label\">HTML<\/label><p>Pour proposer ou signaler une ou plusieurs ressources, renseignez ce formulaire et envoyez le cas \u00e9ch\u00e9ant votre ou vos contributions en pi\u00e8ce(s) jointe(s). Nous \u00e9tudierons votre proposition et la publierons si elle correspond \u00e0 l'esprit de notre site. Merci beaucoup.<\/p>\n<p>&nbsp;<\/p><\/div><\/div><\/div><div class=\"forminator-row\"><div id=\"select-1\" class=\"forminator-field-select forminator-col forminator-col-12 \"><div class=\"forminator-field\"><label for=\"forminator-form-7722__field--select-1_69d78780ca692\" id=\"forminator-form-7722__field--select-1_69d78780ca692-label\" class=\"forminator-label\">Liste s\u00e9lective <span class=\"forminator-required\">*<\/span><\/label><select id=\"forminator-form-7722__field--select-1_69d78780ca692\" class=\"forminator-select--field forminator-select2\" data-required=\"1\" name=\"select-1\" data-default-value=\"\" data-hidden-behavior=\"zero\" data-placeholder=\"Pour quel.le application ou mat\u00e9riel voulez-vous proposer un d\u00e9fi ?\" data-search=\"false\" aria-labelledby=\"forminator-form-7722__field--select-1_69d78780ca692-label\" aria-describedby=\"forminator-form-7722__field--select-1_69d78780ca692-description\"><option value=\"\">Pour quel.le application ou mat\u00e9riel voulez-vous proposer un d\u00e9fi ?<\/option><option value=\"one\"  data-calculation=\"0\">Logo<\/option><option value=\"two\"  data-calculation=\"0\">Tuxbot<\/option><option value=\"Lapinbot\"  data-calculation=\"0\">Lapinbot (classe du Lama)<\/option><option value=\"Algoblocs\"  data-calculation=\"0\">Algoblocs<\/option><option value=\"Bee-bot-(classe-de-Florent)\"  data-calculation=\"0\">Bee-bot application (classe de Florent)<\/option><option value=\"Bee-Bot-Blue-Bot-robot\"  data-calculation=\"0\">Bee Bot\/Blue Bot robot<\/option><option value=\"Thymio\"  data-calculation=\"0\">Thymio<\/option><option value=\"Ozobot\"  data-calculation=\"0\">Ozobot<\/option><\/select><\/div><\/div><\/div><div class=\"forminator-row\"><div id=\"textarea-1\" class=\"forminator-field-textarea forminator-col forminator-col-12 \"><div class=\"forminator-field\"><label for=\"forminator-field-textarea-1_69d78780ca692\" id=\"forminator-field-textarea-1_69d78780ca692-label\" class=\"forminator-label\">Qui propose la ressource ? <span class=\"forminator-required\">*<\/span><\/label><textarea name=\"textarea-1\" placeholder=\"\" id=\"forminator-field-textarea-1_69d78780ca692\" class=\"forminator-textarea\" rows=\"6\" style=\"min-height:140px;\" aria-describedby=\"forminator-field-textarea-1_69d78780ca692-description\" ><\/textarea><span id=\"forminator-field-textarea-1_69d78780ca692-description\" class=\"forminator-description\">Pr\u00e9nom-nom<\/span><\/div><\/div><\/div><div class=\"forminator-row\"><div id=\"email-1\" class=\"forminator-field-email forminator-col forminator-col-12 \"><div class=\"forminator-field\"><label for=\"forminator-field-email-1_69d78780ca692\" class=\"forminator-label\" id=\"forminator-field-email-1_69d78780ca692-label\">Adresse de messagerie de l&#039;exp\u00e9diteur <span class=\"forminator-required\">*<\/span><\/label><input type=\"email\" name=\"email-1\" value=\"\" placeholder=\"De pr\u00e9f\u00e9rence adresse acad\u00e9mique ou fonctionnelle\" id=\"forminator-field-email-1_69d78780ca692\" class=\"forminator-input forminator-email--field\" data-required=\"1\" aria-required=\"true\" \/><\/div><\/div><\/div><div class=\"forminator-row\"><div id=\"url-1\" class=\"forminator-field-url forminator-col forminator-col-12 \"><div class=\"forminator-field\"><label for=\"forminator-field-url-1_69d78780ca692\" class=\"forminator-label\" id=\"forminator-field-url-1_69d78780ca692-label\">S&#039;il s&#039;agit d&#039;une ressource en ligne, merci d&#039;indiquer son adresse.<\/label><input type=\"url\" name=\"url-1\" value=\"\" placeholder=\"Par exemple\u00a0: https:\/\/www.example.com\" id=\"forminator-field-url-1_69d78780ca692\" class=\"forminator-input forminator-website--field\" data-required=\"\" aria-required=\"false\" \/><\/div><\/div><\/div><div class=\"forminator-row\"><div id=\"upload-1\" class=\"forminator-field-upload forminator-col forminator-col-12 \"><div class=\"forminator-field\"><label for=\"forminator-field-upload-1_69d78780ca692\" class=\"forminator-label\">Fichier \u00e0 d\u00e9poser<\/label><div class=\"forminator-multi-upload \" data-element=\"upload-1_69d78780ca692\" aria-describedby=\"forminator-field-upload-1_69d78780ca692-description\"><input type=\"file\" name=\"upload-1[]\" id=\"forminator-field-upload-1_69d78780ca692\" class=\"forminator-input-file forminator-field-upload-1_69d78780ca692-7722\" multiple=\"multiple\" data-method=\"ajax\" data-size=\"8000000\" data-size-message=\"Maximum file size allowed is 8 MB. \"><div class=\"forminator-multi-upload-message\" aria-hidden=\"true\"><span class=\"forminator-icon-upload\" aria-hidden=\"true\"><\/span><p>Glissez et d\u00e9posez (ou) <a class=\"forminator-upload-file--forminator-field-upload-1_69d78780ca692\" href=\"javascript:void(0)\">Choisissez des fichiers<\/a><\/p><\/div><\/div><span id=\"forminator-field-upload-1_69d78780ca692-description\" class=\"forminator-description\">Ce peut \u00eatre une vid\u00e9o, une image, un document PDF ou autre. Attention, il faut aussi poster la ou les r\u00e9ponses possibles pour ce d\u00e9fi.<\/span><ul class=\"forminator-uploaded-files upload-container-upload-1_69d78780ca692\"><\/ul><\/div><\/div><\/div><div class=\"forminator-row\"><div id=\"consent-1\" class=\"forminator-field-consent forminator-col forminator-col-12 \"><div class=\"forminator-field\"><label for=\"forminator-field-consent-1_69d78780ca692\" class=\"forminator-label\">Consentement et autorisation <span class=\"forminator-required\">*<\/span><\/label><div class=\"forminator-checkbox__wrapper\"><label for=\"forminator-field-consent-1_69d78780ca692\" id=\"forminator-field-consent-1_69d78780ca692__label\" class=\"forminator-checkbox forminator-consent\" style=\"margin: 0;\"><input type=\"checkbox\" name=\"consent-1\" id=\"forminator-field-consent-1_69d78780ca692\" value=\"checked\" aria-labelledby=\"forminator-field-consent-1_69d78780ca692-label\" aria-describedby=\"forminator-field-consent-1_69d78780ca692__description\" data-required=\"true\" aria-required=\"true\" \/><span class=\"forminator-checkbox-box\" aria-hidden=\"true\"><\/span><\/label><div id=\"forminator-field-consent-1_69d78780ca692__description\" class=\"forminator-checkbox__label forminator-consent__label\"><p>Pour publier votre contribution, vous devez accepter ou attester que :<\/p>\n<ul>\n<li>Les documents transmis sont mis \u00e0 la disposition des administrateurs du site deficode.blog.ac-lyon.fr qui peuvent les utiliser enti\u00e8rement ou partiellement, sans limite de dur\u00e9e.<\/li>\n<li>Vous \u00eates d'accord pour que sur le site soient mentionn\u00e9s le nom de l'auteur ou de l'organisme qui a con\u00e7u la ressource,&nbsp; le nom de la ou des personnes qui ont \u00e9labor\u00e9 le travail, l'adresse d'h\u00e9bergement de la ressource le cas \u00e9ch\u00e9ant.<\/li>\n<li>Les ressources propos\u00e9es respectent le droit fran\u00e7ais sur la propri\u00e9t\u00e9 de cr\u00e9ation de contenus<\/li>\n<li>Vous avez re\u00e7u les autorisations parentales pour transmettre des donn\u00e9es personnelles (pour le cas de vid\u00e9os o\u00f9 l'on voit des enfants, des images de visages, un fichier audio avec la voix d'un mineur...).<\/li>\n<\/ul>\n<p>Oui, j\u2019accepte les r\u00e8gles cit\u00e9es ci-dessus, et atteste que j'ai recueilli si besoin les autorisations parentales n\u00e9cessaires.<\/p><\/div><\/div><\/div><\/div><\/div><input type=\"hidden\" name=\"referer_url\" value=\"\" \/><div class=\"forminator-row forminator-row-last\"><div class=\"forminator-col\"><div class=\"forminator-field\"><button class=\"forminator-button forminator-button-submit\">Envoyer le message<\/button><\/div><\/div><\/div><input type=\"hidden\" id=\"forminator_nonce\" name=\"forminator_nonce\" value=\"fc03792720\" \/><input type=\"hidden\" name=\"_wp_http_referer\" value=\"\/wordpress\/wp-json\/wp\/v2\/pages\/7723\" \/><input type=\"hidden\" name=\"form_id\" value=\"7722\"><input type=\"hidden\" name=\"page_id\" value=\"7723\"><input type=\"hidden\" name=\"form_type\" value=\"default\"><input type=\"hidden\" name=\"current_url\" value=\"https:\/\/deficode.blog.ac-lyon.fr\/wordpress\/proposer-une-ressource\/\"><input type=\"hidden\" name=\"render_id\" value=\"0\"><input type=\"hidden\" name=\"forminator-multifile-hidden\" class=\"forminator-multifile-hidden\"><input type=\"hidden\" name=\"action\" value=\"forminator_submit_form_custom-forms\"><\/form>\n","protected":false},"excerpt":{"rendered":"","protected":false},"author":9,"featured_media":0,"parent":0,"menu_order":0,"comment_status":"closed","ping_status":"closed","template":"","meta":{"xn-wppe-expiration":[],"xn-wppe-expiration-action":[],"xn-wppe-expiration-prefix":[],"advgb_blocks_editor_width":"","advgb_blocks_columns_visual_guide":"","footnotes":""},"class_list":["post-7723","page","type-page","status-publish","czr-hentry"],"yoast_head":"<!-- This site is optimized with the Yoast SEO plugin v24.6 - https:\/\/yoast.com\/wordpress\/plugins\/seo\/ -->\n<title>Proposer une ressource - Codage et robotique \u00e0 l&#039;\u00e9cole primaire et au coll\u00e8ge<\/title>\n<meta name=\"robots\" content=\"index, follow, max-snippet:-1, max-image-preview:large, max-video-preview:-1\" \/>\n<link rel=\"canonical\" href=\"https:\/\/deficode.blog.ac-lyon.fr\/wordpress\/proposer-une-ressource\/\" \/>\n<script type=\"application\/ld+json\" class=\"yoast-schema-graph\">{\"@context\":\"https:\/\/schema.org\",\"@graph\":[{\"@type\":\"WebPage\",\"@id\":\"https:\/\/deficode.blog.ac-lyon.fr\/wordpress\/proposer-une-ressource\/\",\"url\":\"https:\/\/deficode.blog.ac-lyon.fr\/wordpress\/proposer-une-ressource\/\",\"name\":\"Proposer une ressource - Codage et robotique \u00e0 l&#039;\u00e9cole primaire et au coll\u00e8ge\",\"isPartOf\":{\"@id\":\"https:\/\/deficode.blog.ac-lyon.fr\/wordpress\/#website\"},\"datePublished\":\"2023-06-12T13:27:58+00:00\",\"dateModified\":\"2023-06-12T13:28:00+00:00\",\"breadcrumb\":{\"@id\":\"https:\/\/deficode.blog.ac-lyon.fr\/wordpress\/proposer-une-ressource\/#breadcrumb\"},\"inLanguage\":\"fr-FR\",\"potentialAction\":[{\"@type\":\"ReadAction\",\"target\":[\"https:\/\/deficode.blog.ac-lyon.fr\/wordpress\/proposer-une-ressource\/\"]}]},{\"@type\":\"BreadcrumbList\",\"@id\":\"https:\/\/deficode.blog.ac-lyon.fr\/wordpress\/proposer-une-ressource\/#breadcrumb\",\"itemListElement\":[{\"@type\":\"ListItem\",\"position\":1,\"name\":\"Accueil\",\"item\":\"https:\/\/deficode.blog.ac-lyon.fr\/wordpress\/\"},{\"@type\":\"ListItem\",\"position\":2,\"name\":\"Proposer une ressource\"}]},{\"@type\":\"WebSite\",\"@id\":\"https:\/\/deficode.blog.ac-lyon.fr\/wordpress\/#website\",\"url\":\"https:\/\/deficode.blog.ac-lyon.fr\/wordpress\/\",\"name\":\"Codage et robotique \u00e0 l'\u00e9cole primaire et au coll\u00e8ge\",\"description\":\"Des applications, du mat\u00e9riel, des ressources et des d\u00e9fis\",\"publisher\":{\"@id\":\"https:\/\/deficode.blog.ac-lyon.fr\/wordpress\/#organization\"},\"potentialAction\":[{\"@type\":\"SearchAction\",\"target\":{\"@type\":\"EntryPoint\",\"urlTemplate\":\"https:\/\/deficode.blog.ac-lyon.fr\/wordpress\/?s={search_term_string}\"},\"query-input\":{\"@type\":\"PropertyValueSpecification\",\"valueRequired\":true,\"valueName\":\"search_term_string\"}}],\"inLanguage\":\"fr-FR\"},{\"@type\":\"Organization\",\"@id\":\"https:\/\/deficode.blog.ac-lyon.fr\/wordpress\/#organization\",\"name\":\"Codage et robotique \u00e0 l'\u00e9cole primaire et au coll\u00e8ge\",\"url\":\"https:\/\/deficode.blog.ac-lyon.fr\/wordpress\/\",\"logo\":{\"@type\":\"ImageObject\",\"inLanguage\":\"fr-FR\",\"@id\":\"https:\/\/deficode.blog.ac-lyon.fr\/wordpress\/#\/schema\/logo\/image\/\",\"url\":\"https:\/\/deficode.blog.ac-lyon.fr\/wordpress\/wp-content\/uploads\/2023\/06\/sp1.jpg\",\"contentUrl\":\"https:\/\/deficode.blog.ac-lyon.fr\/wordpress\/wp-content\/uploads\/2023\/06\/sp1.jpg\",\"width\":54,\"height\":42,\"caption\":\"Codage et robotique \u00e0 l'\u00e9cole primaire et au coll\u00e8ge\"},\"image\":{\"@id\":\"https:\/\/deficode.blog.ac-lyon.fr\/wordpress\/#\/schema\/logo\/image\/\"}}]}<\/script>\n<!-- \/ Yoast SEO plugin. -->","yoast_head_json":{"title":"Proposer une ressource - Codage et robotique \u00e0 l&#039;\u00e9cole primaire et au coll\u00e8ge","robots":{"index":"index","follow":"follow","max-snippet":"max-snippet:-1","max-image-preview":"max-image-preview:large","max-video-preview":"max-video-preview:-1"},"canonical":"https:\/\/deficode.blog.ac-lyon.fr\/wordpress\/proposer-une-ressource\/","schema":{"@context":"https:\/\/schema.org","@graph":[{"@type":"WebPage","@id":"https:\/\/deficode.blog.ac-lyon.fr\/wordpress\/proposer-une-ressource\/","url":"https:\/\/deficode.blog.ac-lyon.fr\/wordpress\/proposer-une-ressource\/","name":"Proposer une ressource - Codage et robotique \u00e0 l&#039;\u00e9cole primaire et au coll\u00e8ge","isPartOf":{"@id":"https:\/\/deficode.blog.ac-lyon.fr\/wordpress\/#website"},"datePublished":"2023-06-12T13:27:58+00:00","dateModified":"2023-06-12T13:28:00+00:00","breadcrumb":{"@id":"https:\/\/deficode.blog.ac-lyon.fr\/wordpress\/proposer-une-ressource\/#breadcrumb"},"inLanguage":"fr-FR","potentialAction":[{"@type":"ReadAction","target":["https:\/\/deficode.blog.ac-lyon.fr\/wordpress\/proposer-une-ressource\/"]}]},{"@type":"BreadcrumbList","@id":"https:\/\/deficode.blog.ac-lyon.fr\/wordpress\/proposer-une-ressource\/#breadcrumb","itemListElement":[{"@type":"ListItem","position":1,"name":"Accueil","item":"https:\/\/deficode.blog.ac-lyon.fr\/wordpress\/"},{"@type":"ListItem","position":2,"name":"Proposer une ressource"}]},{"@type":"WebSite","@id":"https:\/\/deficode.blog.ac-lyon.fr\/wordpress\/#website","url":"https:\/\/deficode.blog.ac-lyon.fr\/wordpress\/","name":"Codage et robotique \u00e0 l'\u00e9cole primaire et au coll\u00e8ge","description":"Des applications, du mat\u00e9riel, des ressources et des d\u00e9fis","publisher":{"@id":"https:\/\/deficode.blog.ac-lyon.fr\/wordpress\/#organization"},"potentialAction":[{"@type":"SearchAction","target":{"@type":"EntryPoint","urlTemplate":"https:\/\/deficode.blog.ac-lyon.fr\/wordpress\/?s={search_term_string}"},"query-input":{"@type":"PropertyValueSpecification","valueRequired":true,"valueName":"search_term_string"}}],"inLanguage":"fr-FR"},{"@type":"Organization","@id":"https:\/\/deficode.blog.ac-lyon.fr\/wordpress\/#organization","name":"Codage et robotique \u00e0 l'\u00e9cole primaire et au coll\u00e8ge","url":"https:\/\/deficode.blog.ac-lyon.fr\/wordpress\/","logo":{"@type":"ImageObject","inLanguage":"fr-FR","@id":"https:\/\/deficode.blog.ac-lyon.fr\/wordpress\/#\/schema\/logo\/image\/","url":"https:\/\/deficode.blog.ac-lyon.fr\/wordpress\/wp-content\/uploads\/2023\/06\/sp1.jpg","contentUrl":"https:\/\/deficode.blog.ac-lyon.fr\/wordpress\/wp-content\/uploads\/2023\/06\/sp1.jpg","width":54,"height":42,"caption":"Codage et robotique \u00e0 l'\u00e9cole primaire et au coll\u00e8ge"},"image":{"@id":"https:\/\/deficode.blog.ac-lyon.fr\/wordpress\/#\/schema\/logo\/image\/"}}]}},"coauthors":[],"author_meta":{"author_link":"https:\/\/deficode.blog.ac-lyon.fr\/wordpress\/author\/frederic-simon\/","display_name":"Fr\u00e9d\u00e9ric SIMON"},"relative_dates":{"created":"Publi\u00e9 3 ans il y a","modified":"Mis \u00e0 jour 3 ans il y a"},"absolute_dates":{"created":"Publi\u00e9 le 12 juin 2023","modified":"Mise \u00e0 jour le 12 juin 2023"},"absolute_dates_time":{"created":"Publi\u00e9 le 12 juin 2023 15 h 27 min","modified":"Mise \u00e0 jour le 12 juin 2023 15 h 28 min"},"featured_img_caption":"","featured_img":false,"series_order":"","_links":{"self":[{"href":"https:\/\/deficode.blog.ac-lyon.fr\/wordpress\/wp-json\/wp\/v2\/pages\/7723","targetHints":{"allow":["GET"]}}],"collection":[{"href":"https:\/\/deficode.blog.ac-lyon.fr\/wordpress\/wp-json\/wp\/v2\/pages"}],"about":[{"href":"https:\/\/deficode.blog.ac-lyon.fr\/wordpress\/wp-json\/wp\/v2\/types\/page"}],"author":[{"embeddable":true,"href":"https:\/\/deficode.blog.ac-lyon.fr\/wordpress\/wp-json\/wp\/v2\/users\/9"}],"replies":[{"embeddable":true,"href":"https:\/\/deficode.blog.ac-lyon.fr\/wordpress\/wp-json\/wp\/v2\/comments?post=7723"}],"version-history":[{"count":1,"href":"https:\/\/deficode.blog.ac-lyon.fr\/wordpress\/wp-json\/wp\/v2\/pages\/7723\/revisions"}],"predecessor-version":[{"id":7724,"href":"https:\/\/deficode.blog.ac-lyon.fr\/wordpress\/wp-json\/wp\/v2\/pages\/7723\/revisions\/7724"}],"wp:attachment":[{"href":"https:\/\/deficode.blog.ac-lyon.fr\/wordpress\/wp-json\/wp\/v2\/media?parent=7723"}],"curies":[{"name":"wp","href":"https:\/\/api.w.org\/{rel}","templated":true}]}}